{"id":1628,"date":"2014-06-10T16:05:42","date_gmt":"2014-06-10T14:05:42","guid":{"rendered":"http:\/\/kortheuer.media-systeme.net\/content\/?page_id=1628"},"modified":"2015-05-08T10:37:44","modified_gmt":"2015-05-08T08:37:44","slug":"home","status":"publish","type":"page","link":"https:\/\/www.kortheuer.de\/","title":{"rendered":"Home"},"content":{"rendered":"<div id='layer_slider_1'  class='avia-layerslider main_color avia-shadow  avia-builder-el-0  el_before_av_one_full  avia-builder-el-first  container_wrap fullsize'  style='height: 251px;'  ><\/div><div id='after_layer_slider_1'  class='main_color av_default_container_wrap container_wrap fullsize'  ><div class='container av-section-cont-open' ><div class='template-page content  av-content-full alpha units'><div class='post-entry post-entry-type-page post-entry-1628'><div class='entry-content-wrapper clearfix'>\n<div  class='flex_column av-av_one_full-2a9015ff38129c418a3f2eafba3e9512 av_one_full  avia-builder-el-1  el_after_av_layerslider  el_before_av_heading  avia-builder-el-first  first flex_column_div  '     ><p>\n<style type=\"text\/css\" data-created_by=\"avia_inline_auto\" id=\"style-css-av-av_heading-ecc1bef352f8618c0cd9b67e5bb77666\">\n#top .av-special-heading.av-av_heading-ecc1bef352f8618c0cd9b67e5bb77666{\npadding-bottom:10px;\n}\nbody .av-special-heading.av-av_heading-ecc1bef352f8618c0cd9b67e5bb77666 .av-special-heading-tag .heading-char{\nfont-size:25px;\n}\n.av-special-heading.av-av_heading-ecc1bef352f8618c0cd9b67e5bb77666 .av-subheading{\nfont-size:15px;\n}\n<\/style>\n<div  class='av-special-heading av-av_heading-ecc1bef352f8618c0cd9b67e5bb77666 av-special-heading-h3  avia-builder-el-2  el_before_av_textblock  avia-builder-el-first '><h3 class='av-special-heading-tag '  itemprop=\"headline\"  >Willkommen bei Dieter Kortheuer Garten- und Landschaftsbau<\/h3><div class=\"special-heading-border\"><div class=\"special-heading-inner-border\"><\/div><\/div><\/div><br \/>\n<section  class='av_textblock_section av-av_textblock-aaf3a53f7e22769a7798f31e42769683 '   itemscope=\"itemscope\" itemtype=\"https:\/\/schema.org\/CreativeWork\" ><div class='avia_textblock'  itemprop=\"text\" ><p><strong>&#8222;Das Leben beginnt mit dem Tag, an dem man einen Garten anlegt.&#8220;<\/strong>\u00a0\u00a0<em>(chin. Sprichwort)<\/em><\/p>\n<p>Unser Name steht f\u00fcr fachgerechte Planung und professionelle Umsetzung im Bereich der Neu- und Umgestaltung von G\u00e4rten und Gr\u00fcnanlagen sowie f\u00fcr kompetente und nachhaltige Beratung und Pflege.<\/p>\n<p>Wir freuen uns auf Ihren Anruf!<\/p>\n<p>Ihr G\u00e4rtnermeister\u00a0<strong>Alexander Zimni<\/strong><\/p>\n<\/div><\/section><\/p><\/div>\n\n<style type=\"text\/css\" data-created_by=\"avia_inline_auto\" id=\"style-css-av-av_heading-776e5ee5ee112640a7541d26b2acb51a\">\n#top .av-special-heading.av-av_heading-776e5ee5ee112640a7541d26b2acb51a{\npadding-bottom:10px;\n}\nbody .av-special-heading.av-av_heading-776e5ee5ee112640a7541d26b2acb51a .av-special-heading-tag .heading-char{\nfont-size:25px;\n}\n.av-special-heading.av-av_heading-776e5ee5ee112640a7541d26b2acb51a .av-subheading{\nfont-size:15px;\n}\n<\/style>\n<div  class='av-special-heading av-av_heading-776e5ee5ee112640a7541d26b2acb51a av-special-heading-h3  avia-builder-el-4  el_after_av_one_full  el_before_av_one_half '><h3 class='av-special-heading-tag '  itemprop=\"headline\"  >Aktuelles<\/h3><div class=\"special-heading-border\"><div class=\"special-heading-inner-border\"><\/div><\/div><\/div>\n<div  class='flex_column av-av_one_half-2a9015ff38129c418a3f2eafba3e9512 av_one_half  avia-builder-el-5  el_after_av_heading  el_before_av_one_half  first flex_column_div  '     ><\/div>\n<div  class='flex_column av-av_one_half-1c47c10d9dd6b9bc0b68f292c1cf5942 av_one_half  avia-builder-el-6  el_after_av_one_half  avia-builder-el-last  flex_column_div  '     ><\/div>\n","protected":false},"excerpt":{"rendered":"","protected":false},"author":2,"featured_media":0,"parent":0,"menu_order":0,"comment_status":"open","ping_status":"closed","template":"","meta":{"footnotes":""},"class_list":["post-1628","page","type-page","status-publish","hentry"],"_links":{"self":[{"href":"https:\/\/www.kortheuer.de\/index.php?rest_route=\/wp\/v2\/pages\/1628","targetHints":{"allow":["GET"]}}],"collection":[{"href":"https:\/\/www.kortheuer.de\/index.php?rest_route=\/wp\/v2\/pages"}],"about":[{"href":"https:\/\/www.kortheuer.de\/index.php?rest_route=\/wp\/v2\/types\/page"}],"author":[{"embeddable":true,"href":"https:\/\/www.kortheuer.de\/index.php?rest_route=\/wp\/v2\/users\/2"}],"replies":[{"embeddable":true,"href":"https:\/\/www.kortheuer.de\/index.php?rest_route=%2Fwp%2Fv2%2Fcomments&post=1628"}],"version-history":[{"count":36,"href":"https:\/\/www.kortheuer.de\/index.php?rest_route=\/wp\/v2\/pages\/1628\/revisions"}],"predecessor-version":[{"id":2076,"href":"https:\/\/www.kortheuer.de\/index.php?rest_route=\/wp\/v2\/pages\/1628\/revisions\/2076"}],"wp:attachment":[{"href":"https:\/\/www.kortheuer.de\/index.php?rest_route=%2Fwp%2Fv2%2Fmedia&parent=1628"}],"curies":[{"name":"wp","href":"https:\/\/api.w.org\/{rel}","templated":true}]}}